te number?
False
Let d(i) = 284*i**3 - 4*i**2 + 3*i - 2. Suppose 3*p - 4 = p. Let z be d(p). Suppose 0 = -4*j - 3*c + z, -4*j - 843 = -4*c - 3103. Is j a prime number?
False
Let x = 520 + -141. Is x a composite number?
False
Let n(a) = a**3 + 10*a**2 - 6*a + 4. Suppose 0*w - 45 = 5*w. Is n(w) a prime number?
True
Let w be 7/3 + (-24)/(-36). Suppose -2*u + 20 = 2*u, 4*u = -w*g + 1211. Is g a prime number?
True
Let s(m) = -m**3 - 29*m**2 - 20*m + 27. Is s(-32) a prime number?
True
Let x = 2813 - 16. Is x a composite number?
False
Let n = 6245 + 12892. Is n prime?
False
Suppose -2*h + 126 = -42. Let c = -39 + h. Is 1496/10 + (-27)/c a composite number?
False
Let p(o) = 16*o**2 + 12*o. Let y(d) be the first derivative of d**4/4 + 5*d**3 + 11*d**2/2 + d + 3. Let f(c) = 6*p(c) - 7*y(c). Is f(-6) a composite number?
True
Suppose 92104 = 16*v - 132840. Is v composite?
True
Suppose 0 = -2*v + 4*v - 3*p + 2, v = p - 2. Let j be v/(-6) - 12400/(-48). Suppose 4*k = i - 265, -i - k + 3*k + j = 0. Is i a composite number?
True
Suppose 5*v - 4*n - 15 = 3, -6 = 3*n. Suppose -v*s + 2*f - 60 = 0, -5*s - 105 = 3*f + f. Let a = s + 182. Is a prime?
True
Let z be -6*(-1)/9*6. Suppose 4*k + 5 = -s, -5*k + 3*k - z*s + 8 = 0. Is (42 - -1) + (k - -2) a composite number?
False
Let i be 70/6 - (-9)/27. Is 64 + 7/(28/i) composite?
False
Let s be (-1033)/(1 - (-1)/(-2)). Is s/(-4) - (-3)/6 a composite number?
True
Is (110/(-30))/(1/(-4881)) a prime number?
False
Suppose 3*v - 2454 + 122 = -g, -g = -5*v - 2372. Let o = g + -1468. Is o a prime number?
False
Let d = 34 - 34. Suppose -i + 4*i - 4533 = d. Is i composite?
False
Let l(z) = 49*z + 1. Let c(q) = 50*q. Let t(n) = 3*c(n) - 4*l(n). Let x be -5*9/(-90) - (-7)/(-2). Is t(x) a prime number?
False
Let x(k) = 5*k**2 - 6. Let d be 4/3*3/2. Let j(h) = h**2 + 2*h - 3. Let b be j(d). Is x(b) prime?
False
Let w = -44 - -76. Suppose -u + 3*v + 146 = 0, -3*u - w = -2*v - 435. Is u a composite number?
False
Let h = 624 + -118. Suppose 2*i - 2292 = h. Is i prime?
True
Let p(d) = d**3 - 3*d**2 - 4*d + 2. Let f be p(4). Is f/(-3)*(-222)/4 prime?
True
Suppose -5*u = 885 - 4200. Suppose 2*f = -u - 607. Let c = -226 - f. Is c a composite number?
False
Suppose -2*p = -b - 4308, -p + b - 3*b + 2154 = 0. Suppose -p = -5*x - 419. Is x prime?
True
Is ((-11)/(-11))/((-3)/(-82065)) composite?
True
Let n(s) = 4*s**3 - 2*s**2 + 2*s - 1. Let i be n(1). Let j(k) = 4*k + 43. Let w be j(12). Suppose -g - 2*p = -0*g - w, i*p = g - 71. Is g prime?
True
Suppose 0 = -4*s - 2*y + 61972, -9*s - 4*y + 77471 = -4*s. Is s composite?
True
Suppose -u = 6*u - 21. Suppose 0 = u*h - 2237 - 1540. Is h prime?
True
Let r be 3 + -3 + (-7 - -5). Is r/7 + (1 - 12294/(-7)) a composite number?
True
Let c(n) = -n**2 - 67*n - 3. Is c(-14) a composite number?
False
Suppose 281190 - 88425 = 5*a. Is a/11 + 6/33 a composite number?
True
Suppose -7 = q - 2*q. Suppose q*a + 8 = 3*a. Is (4 - 5)*2962/a prime?
True
Let k = 72 - 12. Suppose k = -0*n + n. Suppose -n + 15 = -3*f. Is f a composite number?
True
Let c(o) = -39*o - 8. Let z be 3/(-1) - (5 + -10). Let k(j) = 13*j + 3. Let r(h) = z*c(h) + 7*k(h). Is r(18) a composite number?
False
Is (18087/4)/(10 - 273/28) prime?
False
Let b(v) = 3*v**2 - v + 127. Is b(0) a prime number?
True
Let h be ((-2 + 0)/2)/(2/(-218)). Let a = 1806 + h. Is a a composite number?
True
Suppose 3*b + b = -3*d + 205, 0 = 3*d - 3*b - 177. Let j = d - 108. Is (1 + 93)*j/(-18) a prime number?
False
Let v(l) = -l**2 + 7*l + 193. Let t(y) = -2*y**2 + 15*y + 385. Let n(x) = -6*t(x) + 13*v(x). Is n(0) a composite number?
False
Suppose -1442*g + 1434*g = -318704. Is g a prime number?
False
Suppose 10*c = 14*c - 3964. Is c composite?
False
Suppose 2*c + 3986 + 197115 = 5*k, 0 = -3*c - 9. Is k prime?
False
Let y(o) = 7*o**3 - 27*o**2 - 5*o + 79. Is y(11) prime?
False
Is 881/7 - -1 - 5/(-35) composite?
False
Let f(h) = 57*h + 22. Let i be f(-16). Let o = i - -2299. Is o composite?
False
Let a(i) = 29*i**3 + 3*i**2 - 11*i + 5. Let u be a(-8). Let k = u + 25760. Is k a composite number?
False
Suppose -110627 = -1702*h + 1691*h. Is h a prime number?
False
Suppose 0 = -0*z - 2*z + 12. Suppose -x = -5*g - 18, x - z*x - 30 = 5*g. Is 14/3*(-258)/g prime?
False
Suppose 342 + 2717 = p - 4*t, -5*t = p - 3086. Is p composite?
True
Suppose -l + 5 = -2*l. Let i be -7*l/(105/78). Is i + (-3 - (1 + -3)) a composite number?
True
Let j(p) = 6*p + 60. Let o be j(-11). Is -1*(-8)/24 - 12604/o a prime number?
False
Let d be ((-3459144)/(-66))/4 + (-4)/(-22). Suppose 2*v + 8*x = 3*x + d, -3*v = 3*x - 19668. Is v prime?
False
Is (1 + 7604/2)*1/1 prime?
True
Let g = -48 + 8. Let n = 447 - g. Is n prime?
True
Suppose 5*s - 10 = 0, 3*u - 4*s - 75 = 25. Suppose 3*p + 21 - 174 = 0. Let m = u + p. Is m composite?
True
Let x(g) = 7*g**2 + 53*g - 15. Is x(-28) a composite number?
False
Let a = -17378 + 30075. Is a composite?
False
Let w be (-9)/(2 - 1) + 3. Let u be (8/w)/((-4)/6). Suppose 0 = 4*f - u*x - 30, -4*x - 16 = -4. Is f a composite number?
True
Suppose 1 + 1 = 2*j, 2*j + 440 = -2*f. Let m = f + 370. Is m prime?
True
Suppose 8*n - 67626 = 39310. Is n a prime number?
True
Let n = -11202 - -17651. Is n prime?
True
Let r be -3 - (-7)/(3*3/9). Suppose 2307 = r*y - 5*v, 4*v = 2*y - 497 - 649. Is y a prime number?
False
Let z(s) = 11*s**2 - 17*s + 16. Let l be z(13). Let h = l + -611. Is h composite?
True
Let q(c) = -11*c + 2. Let u be q(5). Let t(b) = 13*b**2 + 3. Let k be t(3). Let p = k + u. Is p a composite number?
False
Suppose p - x = 3*p + 2, 2*p - 4*x = 8. Let d be p + 2 - (0 + 4). Is (d + 11)/(-3) - -34 a composite number?
False
Let n = 1614 + 6197. Is n a composite number?
True
Let v(b) = -30*b**3 + 4*b**2 + 5*b + 9. Suppose 0*o = -3*n - 4*o - 4, 0 = n + 5*o - 6. Is v(n) composite?
False
Let d be (2/(-3))/((-8)/(-2880)). Let n = d - -605. Let h = n - -50. Is h a prime number?
False
Suppose -u + 5 = 9. Let r be (56/(-12) - u)*3. Is ((-49)/(-14))/(r/(-4)) a composite number?
False
Suppose 0 = 2*o - 2*p - 26714, 3*p + 5 = -4. Suppose -2656 = 6*z - o. Is z composite?
False
Let a = 32850 + -13411. Is a a composite number?
True
Suppose w + 10 = -3*d + 34, 4*w = -4*d + 24. Suppose l + 7 - d = 0. Suppose l*u - k + 0*k = 300, 2*u = -4*k + 290. Is u prime?
True
Suppose 4*v = 4*m - 25668, -6405 = -m - v + 5*v. Is m a prime number?
True
Suppose j + 0*j - 2 = 0. Suppose 3*t + 2*h + j*h - 2 = 0, 0 = 4*t - 5*h - 44. Is ((-94)/8)/(t/(-24)) a prime number?
True
Suppose 4*p - 59695 = -3*v, -p + 4*v = -0*p - 14919. Is p a prime number?
True
Suppose -4*d = -1567 - 809. Suppose -n = 3*a - 108, -7*n + d = -2*n - 3*a. Suppose 20 = -t + n. Is t prime?
True
Let d(y) = 3*y**3 - 5*y**2 - 17*y - 3. Let i(k) = -5*k**3 + 8*k**2 + 26*k + 5. Let r(v) = 8*d(v) + 5*i(v). Let f be r(6). Let g = -118 - f. Is g prime?
False
Let l(y) = 66*y**2 - 2. Let k be l(3). Suppose 0*u = 3*i + 2*u, -3*i - u = 0. Suppose -4*n + t + k = -i*t, 0 = -5*n - 4*t + 761. Is n a composite number?
False
Suppose 20 = -7*n - 8. Let p be (247/(-26))/(2/n). Suppose -2*f + p = -427. Is f composite?
False
Suppose -9*j + 20139 = -2*j. Let s = j - 1922. Is s a prime number?
False
Suppose 4*n + 412 = 4*c, 3*c + 3*n - 310 = 5*n. Let f = c - 17. Is f composite?
True
Let y = 45 + -40. Let r(m) = 20*m**2 - 12*m + 3. Is r(y) a prime number?
True
Let l(h) = 0*h + 0*h + 6*h**3 + 6*h**2 + 3*h + 3. Let k be l(-5). Let t = k - -1025. Is t a composite number?
True
Suppose -j = 30 - 116. Suppose 40*x - 42*x + 202 = 0. Let t = x + j. Is t composite?
True
Let w be 0/((-2 - 2) + 2). Suppose w = -0*s + 4*s. Suppose 0*j - 627 = -z + 5*j, -2*z - 2*j + 1302 = s. Is z a prime number?
True
Let x(g) = 8*g - g**2 - 6 + 2*g**2 - 1. Let c be x(-10). Let r = 50 - c. Is r a composite number?
False
Let c(f) = -2099*f**3 - 5*f**2 + 15. Is c(-2) composite?
False
Let c(y) = 336*y + 1. Let s = -12 + 10. Let j(a) = 1680*a + 5. Let w(f) = s*j(f) + 11*c(f). Is w(1) prime?
True
Let r = 2777 + 470. Is r a composite number?
True
Let d(n) = -n - 9. Let u(q) = 2*q + 8. Let i(g) = 5*d(g) + 4*u(g). Is i(8) composite?
False
Suppose -4*g + 3*j + 9667 = -0*j, 4*g = 5*j + 9661. Is g a composite number?
True
Let g(t) = -261*t + 30. Let x be g(-11). Suppose 3*j + 5*k - x = 0, j + 3*k = 157 